{"id":342,"date":"2018-09-21T09:06:39","date_gmt":"2018-09-21T07:06:39","guid":{"rendered":"https:\/\/fc09ueberlingen.de\/?page_id=342"},"modified":"2025-10-19T19:08:48","modified_gmt":"2025-10-19T17:08:48","slug":"sponsoring","status":"publish","type":"page","link":"https:\/\/fc09ueberlingen.de\/?page_id=342","title":{"rendered":"Sponsoring"},"content":{"rendered":"<p><strong>SO WERDEN SIE SPONSOR\/PARTNER DES FC 09 \u00dcBERLINGEN e.V.<\/strong><\/p>\n<p>Bei Fragen in Sachen Spronsoring f\u00fcr den FC \u00dcberlingen d\u00fcrfen Sie uns gerne kontaktieren.&nbsp;<\/p>\n<h3><strong>Fu\u00dfball-Club 09 \u00dcberlingen e.V.<\/strong><\/h3>\n<h3><strong>Sportzentrum Altbirnau<\/strong><br><strong>Rengoldshauser Str. 41<\/strong><br><strong>88662 \u00dcberlingen&nbsp;<\/strong><br><br><strong>info@fc09ueberlingen.de<\/strong><\/h3>\n\n\n<p><\/p>\n","protected":false},"excerpt":{"rendered":"<p>SO WERDEN SIE SPONSOR\/PARTNER DES FC 09 \u00dcBERLINGEN e.V. Bei Fragen in Sachen Spronsoring f\u00fcr den FC \u00dcberlingen d\u00fcrfen Sie uns gerne kontaktieren.&nbsp; Fu\u00dfball-Club 09 \u00dcberlingen e.V. Sportzentrum AltbirnauRengoldshauser Str. 4188662 \u00dcberlingen&nbsp; info@fc09ueberlingen.de<\/p>\n","protected":false},"author":1,"featured_media":0,"parent":0,"menu_order":0,"comment_status":"closed","ping_status":"closed","template":"","meta":{"ngg_post_thumbnail":0},"_links":{"self":[{"href":"https:\/\/fc09ueberlingen.de\/index.php?rest_route=\/wp\/v2\/pages\/342"}],"collection":[{"href":"https:\/\/fc09ueberlingen.de\/index.php?rest_route=\/wp\/v2\/pages"}],"about":[{"href":"https:\/\/fc09ueberlingen.de\/index.php?rest_route=\/wp\/v2\/types\/page"}],"author":[{"embeddable":true,"href":"https:\/\/fc09ueberlingen.de\/index.php?rest_route=\/wp\/v2\/users\/1"}],"replies":[{"embeddable":true,"href":"https:\/\/fc09ueberlingen.de\/index.php?rest_route=%2Fwp%2Fv2%2Fcomments&post=342"}],"version-history":[{"count":8,"href":"https:\/\/fc09ueberlingen.de\/index.php?rest_route=\/wp\/v2\/pages\/342\/revisions"}],"predecessor-version":[{"id":6887,"href":"https:\/\/fc09ueberlingen.de\/index.php?rest_route=\/wp\/v2\/pages\/342\/revisions\/6887"}],"wp:attachment":[{"href":"https:\/\/fc09ueberlingen.de\/index.php?rest_route=%2Fwp%2Fv2%2Fmedia&parent=342"}],"curies":[{"name":"wp","href":"https:\/\/api.w.org\/{rel}","templated":true}]}}