{"id":543,"date":"2018-10-11T11:35:57","date_gmt":"2018-10-11T09:35:57","guid":{"rendered":"https:\/\/fc09ueberlingen.de\/?page_id=543"},"modified":"2022-08-12T16:31:17","modified_gmt":"2022-08-12T14:31:17","slug":"aktuelles","status":"publish","type":"page","link":"https:\/\/fc09ueberlingen.de\/?page_id=543","title":{"rendered":"Aktuelles AH"},"content":{"rendered":"<p><img loading=\"lazy\" class=\"aligncenter wp-image-6544 size-full\" src=\"https:\/\/fc09ueberlingen.de\/wp-content\/uploads\/2022\/07\/AH-Ue60_Ue50-2022.jpg\" alt=\"\" width=\"886\" height=\"410\" srcset=\"https:\/\/fc09ueberlingen.de\/wp-content\/uploads\/2022\/07\/AH-Ue60_Ue50-2022.jpg 886w, https:\/\/fc09ueberlingen.de\/wp-content\/uploads\/2022\/07\/AH-Ue60_Ue50-2022-300x139.jpg 300w, https:\/\/fc09ueberlingen.de\/wp-content\/uploads\/2022\/07\/AH-Ue60_Ue50-2022-150x69.jpg 150w, https:\/\/fc09ueberlingen.de\/wp-content\/uploads\/2022\/07\/AH-Ue60_Ue50-2022-768x355.jpg 768w\" sizes=\"(max-width: 886px) 100vw, 886px\" \/><\/p>\n<p style=\"text-align: left;\"><strong>FC 09 \u00dcberlingen AH \u00dc 60 ist S\u00fcddeutscher Fu\u00dfballmeister<\/strong><\/p>\n<p style=\"text-align: left;\">Die jung gebliebene AH \/ \u00dc 60 konnte selbst nicht glauben, was sich am Sonntag, 31. Juli im Renchtalstadion in Oberkirch passierte: Absolut verdient zur besten Mannschaft der Meisterschaft erkoren, unbesiegt, den FC Bayern M\u00fcnchen geschlagen\u2026ein Traum wurde wahr. S\u00fcddeutscher Fu\u00dfballmeister 2022. Umso gr\u00f6\u00dfer der Stolz, da unser Team im Vorfeld leider auf einige Kameraden aufgrund von Erkrankungen \/ Verletzungen \/ Absagen verzichten musste. Daf\u00fcr sprangen fit gebliebene \u00dc60-iger aus unserer Nachbarschaft ein. Gro\u00dfer Danke an alle Kameraden.<br \/>\nDer Qualifikation zur S\u00fcddeutschen ging das \u00e4u\u00dferst spannende und auf sehr hohem Niveau stehende Finalspiel um die S\u00fcdbadische Meisterschaft am 2. Juli in Weil gegen den ewigen Rivalen SG Stadelhofen \/ Oberkirch voraus. In 20 Spielminuten (Kleinfeld 1+6 Spieler) wurde unser Team bei \u00fcber 30 Grad Temperatur nach einer sehr starken und konzentrierten Leistung nach einem 1:1 Spielstand nach<br \/>\ndem 9-Meter-Schie\u00dfen mit dem Sieg und dem SBFV-Meisterwimpel belohnt. Mit diesem R\u00fcckenwind ging es zur S\u00fcddeutschen. 4&#215;15 Spielminuten, bei erneut \u00fcber 30 Grad Au\u00dfentemperatur, gegen den hessischen Meister Rot-Wei\u00df Frankfurt, den FC Bayern M\u00fcnchen und die Baden-W\u00fcrttembergischen Meister Gr\u00f6tzingen\/Wetterbach und Schwendi Erolzheim ging es um den Titel.<br \/>\nDer Turnierauftakt war f\u00fcr unser Team zwar holprig, Spiel 1 mit einem 0:1 R\u00fcckstand gegen Gr\u00f6tzingen stellte unsere Mannschaft auf eine Geduldsprobe, der FC 09 blieb aber ruhig und konzentriert und erreichte den 1:1 Ausgleich. Es wurde klar, dass ohne eine deutliche Leistungsseigerung in dem Turnier nichts zu erreichen war. Diese gelang auch und in den folgenden Spielen erteilte unser Team den jeweiligen Gegnern Anschauungsunterricht in jung gebliebenem AH-Fussball und kam folgerichtig zu Siegen gegen Schwendi (1:0), Frankfurt (2:1) und den FC Bayern M\u00fcnchen 1:0. Es folgte eine altersgerechte sehr ausgelassene Meister- und Kabinenfeier.<\/p>\n<p>Ein gro\u00dfartiger Erfolg \u2013 S\u00fcddeutscher Meister 2022 \u00dc 60 FC 09 \u00dcberlingen<\/p>\n<p><img loading=\"lazy\" class=\"aligncenter wp-image-6620 size-full\" src=\"https:\/\/fc09ueberlingen.de\/wp-content\/uploads\/2022\/08\/AH-Sueddt.-Meisterschaft-Spielplan_Tabelle.jpg\" alt=\"\" width=\"1620\" height=\"680\" srcset=\"https:\/\/fc09ueberlingen.de\/wp-content\/uploads\/2022\/08\/AH-Sueddt.-Meisterschaft-Spielplan_Tabelle.jpg 1620w, https:\/\/fc09ueberlingen.de\/wp-content\/uploads\/2022\/08\/AH-Sueddt.-Meisterschaft-Spielplan_Tabelle-300x126.jpg 300w, https:\/\/fc09ueberlingen.de\/wp-content\/uploads\/2022\/08\/AH-Sueddt.-Meisterschaft-Spielplan_Tabelle-1024x430.jpg 1024w, https:\/\/fc09ueberlingen.de\/wp-content\/uploads\/2022\/08\/AH-Sueddt.-Meisterschaft-Spielplan_Tabelle-150x63.jpg 150w, https:\/\/fc09ueberlingen.de\/wp-content\/uploads\/2022\/08\/AH-Sueddt.-Meisterschaft-Spielplan_Tabelle-768x322.jpg 768w, https:\/\/fc09ueberlingen.de\/wp-content\/uploads\/2022\/08\/AH-Sueddt.-Meisterschaft-Spielplan_Tabelle-1536x645.jpg 1536w\" sizes=\"(max-width: 1620px) 100vw, 1620px\" \/><\/p>\n<p><strong>\u00dcberlingens \u00dc60 Meister, \u00dc50 Vizemeister<\/strong><\/p>\n<p><strong>S\u00fcdbadische Meisterschaften<\/strong><\/p>\n<p>FC 09 \u00dcberlingen hat mit seinen &#8222;Alten Herren&#8220; die Corona-Pause sehr gut \u00fcberstanden. Die \u00dc60 des Clubs trumpfte in Weil a.R. im Endspiel der S\u00fcdbadischen Meisterschaften gegen den SV Stadelhofen \u00fcberzeugend auf, gewann den auf ansprechendem Fu\u00dfballniveau stehenden Finalkrimi (1:1 nach eigener 1:0-Halbzeitf\u00fchrung) schlussendlich vom Strafsto\u00dfpunkt aus &#8211; 6:5 hie\u00df es am Ende f\u00fcr die See-Fu\u00dfballer.<\/p>\n<p>Am 30.7. f\u00e4hrt die \u00dc60 nun zur S\u00fcddeutschen Meisterschaft nach Oberkirch\/S\u00fcdbaden.<\/p>\n<p>\u00dcbrigens stellte sich auch die \u00dc50 der \u00dcberlinger als Erfolgsteam vor. Nur vom besseren Torverh\u00e4ltnis des SBFV-Titeltr\u00e4gers SG Stadelhofen-Oberkirch gestoppt, gelingt den \u00dc50-Senioren des FC09\u00dcB die S\u00fcdbadische Vizemeisterschaft 2022. Weitere Teilnehmer waren unter anderem SV G\u00fcndlingen, FC Bad Krozingen, SV Weil am Rhein.<\/p>\n<p>Im Bild die beiden erfolgreichen Mannschaften vom Bodensee: hinten v.l. Walter Kohler, J\u00fcrgen Glassner, Sven Czekay, Wolfgang Frey, Berthold Martin, J\u00fcrgen Beirer, Rolf Schlegel, Uwe Negrassus, Daniel Lindemaier, Bene Kuczkay, Walter Strasser, Ronny Herder, Tobi Lau; vorne v.l. Volker Heindl, Mathias Amann, Roman Ludi, J\u00f6rg Kienast, Fadil Bislimi, Harry Schwehr, Jochen Hoffmann, Peter Sch\u00fchle<br \/>\nIm dunkelroten Dress der S\u00fcdbadische \u00dc60-Meister, im hellroten Dress der S\u00fcdbadische \u00dc50-Vizemeister.<\/p>\n","protected":false},"excerpt":{"rendered":"<p>FC 09 \u00dcberlingen AH \u00dc 60 ist S\u00fcddeutscher Fu\u00dfballmeister Die jung gebliebene AH \/ \u00dc 60 konnte selbst nicht glauben, was sich am Sonntag, 31. Juli im Renchtalstadion in Oberkirch passierte: Absolut verdient zur besten Mannschaft der Meisterschaft erkoren, unbesiegt, den FC Bayern M\u00fcnchen geschlagen\u2026ein Traum wurde wahr. S\u00fcddeutscher Fu\u00dfballmeister 2022. Umso gr\u00f6\u00dfer der Stolz, [&hellip;]<\/p>\n","protected":false},"author":1,"featured_media":0,"parent":486,"menu_order":0,"comment_status":"closed","ping_status":"closed","template":"","meta":{"ngg_post_thumbnail":0},"_links":{"self":[{"href":"https:\/\/fc09ueberlingen.de\/index.php?rest_route=\/wp\/v2\/pages\/543"}],"collection":[{"href":"https:\/\/fc09ueberlingen.de\/index.php?rest_route=\/wp\/v2\/pages"}],"about":[{"href":"https:\/\/fc09ueberlingen.de\/index.php?rest_route=\/wp\/v2\/types\/page"}],"author":[{"embeddable":true,"href":"https:\/\/fc09ueberlingen.de\/index.php?rest_route=\/wp\/v2\/users\/1"}],"replies":[{"embeddable":true,"href":"https:\/\/fc09ueberlingen.de\/index.php?rest_route=%2Fwp%2Fv2%2Fcomments&post=543"}],"version-history":[{"count":7,"href":"https:\/\/fc09ueberlingen.de\/index.php?rest_route=\/wp\/v2\/pages\/543\/revisions"}],"predecessor-version":[{"id":6624,"href":"https:\/\/fc09ueberlingen.de\/index.php?rest_route=\/wp\/v2\/pages\/543\/revisions\/6624"}],"up":[{"embeddable":true,"href":"https:\/\/fc09ueberlingen.de\/index.php?rest_route=\/wp\/v2\/pages\/486"}],"wp:attachment":[{"href":"https:\/\/fc09ueberlingen.de\/index.php?rest_route=%2Fwp%2Fv2%2Fmedia&parent=543"}],"curies":[{"name":"wp","href":"https:\/\/api.w.org\/{rel}","templated":true}]}}