{"id":6071,"date":"2020-07-12T11:28:17","date_gmt":"2020-07-12T09:28:17","guid":{"rendered":"https:\/\/fc09ueberlingen.de\/?page_id=6071"},"modified":"2020-07-12T11:55:09","modified_gmt":"2020-07-12T09:55:09","slug":"jako-teamshop-gruenvogel","status":"publish","type":"page","link":"https:\/\/fc09ueberlingen.de\/?page_id=6071","title":{"rendered":"JAKO Teamshop Gr\u00fcnvogel"},"content":{"rendered":"<h4 style=\"text-align: center;\">Gemeinsam mit unserem Teamsport Ausstatter <br>GR\u00dcNVOGEL Sportartikel &amp; Teamwear <br>pr\u00e4sentieren wir die neue <br>Jako Jugend-Kollektion des FC 09 \u00dcberlingen.<\/h4>\n<h3 style=\"text-align: center;\"><strong>Hier geht\u00b4s zum <a href=\"https:\/\/www.jako.de\/de\/team\/fc_09_ueberlingen\/\" target=\"_blank\" rel=\"noopener noreferrer\">TEAMSHOP<\/a><\/strong><\/h3>\n\n\n<div class=\"wp-block-image\"><figure class=\"aligncenter size-large is-resized\"><a href=\"https:\/\/www.sportartikel-gruenvogel.de\/\" target=\"_blank\" rel=\"noopener noreferrer\"><img loading=\"lazy\" src=\"https:\/\/fc09ueberlingen.de\/wp-content\/uploads\/2020\/07\/gruenvogel_logo.bmp\" alt=\"\" class=\"wp-image-6077\" width=\"480\" height=\"214\"\/><\/a><\/figure><\/div>\n\n\n\n<p><\/p>\n","protected":false},"excerpt":{"rendered":"<p>Gemeinsam mit unserem Teamsport Ausstatter GR\u00dcNVOGEL Sportartikel &amp; Teamwear pr\u00e4sentieren wir die neue Jako Jugend-Kollektion des FC 09 \u00dcberlingen. Hier geht\u00b4s zum TEAMSHOP<\/p>\n","protected":false},"author":2,"featured_media":0,"parent":0,"menu_order":0,"comment_status":"closed","ping_status":"closed","template":"","meta":{"ngg_post_thumbnail":0},"_links":{"self":[{"href":"https:\/\/fc09ueberlingen.de\/index.php?rest_route=\/wp\/v2\/pages\/6071"}],"collection":[{"href":"https:\/\/fc09ueberlingen.de\/index.php?rest_route=\/wp\/v2\/pages"}],"about":[{"href":"https:\/\/fc09ueberlingen.de\/index.php?rest_route=\/wp\/v2\/types\/page"}],"author":[{"embeddable":true,"href":"https:\/\/fc09ueberlingen.de\/index.php?rest_route=\/wp\/v2\/users\/2"}],"replies":[{"embeddable":true,"href":"https:\/\/fc09ueberlingen.de\/index.php?rest_route=%2Fwp%2Fv2%2Fcomments&post=6071"}],"version-history":[{"count":9,"href":"https:\/\/fc09ueberlingen.de\/index.php?rest_route=\/wp\/v2\/pages\/6071\/revisions"}],"predecessor-version":[{"id":6084,"href":"https:\/\/fc09ueberlingen.de\/index.php?rest_route=\/wp\/v2\/pages\/6071\/revisions\/6084"}],"wp:attachment":[{"href":"https:\/\/fc09ueberlingen.de\/index.php?rest_route=%2Fwp%2Fv2%2Fmedia&parent=6071"}],"curies":[{"name":"wp","href":"https:\/\/api.w.org\/{rel}","templated":true}]}}